ppose 0 = 9*k - 11*k + 14. Suppose 8 + 13 = -k*g. Is 6*4/36 + (-985)/g a composite number?
True
Let m(h) = -47*h**3 + 2*h**2 + 5*h + 5. Let y(f) = -f**2 + f + 4. Let c be y(2). Suppose x + 2 = -b, 4*x = -b + 2*x - c. Is m(b) composite?
False
Let t be (30/36)/(5/3)*-1438. Let z = -181 - t. Is z a prime number?
False
Let r(s) = -s + 5. Let h be r(-5). Suppose 8*u = 5*q + 3*u + 2460, 5*q + 2460 = -u. Is (17/(-2) - -6)*q/h prime?
False
Let f(r) be the third derivative of -197*r**6/24 - r**4/24 - r**3/6 + 11*r**2. Let i be f(-1). Is i + -4 + (1 - 3) composite?
True
Let t(b) = -2*b - 23. Let r(l) = -3*l - 6. Let a be r(1). Let f be t(a). Is 2/3*(f + 5908/8) a composite number?
True
Let z = -136 + 136. Let m(s) = 11*s + 991. Is m(z) a composite number?
False
Suppose 669084 = 2*b - 904010. Is b a composite number?
False
Suppose 104*y - 480392 = 93*y. Let t = 70525 - y. Is t a prime number?
False
Let p(d) = 14*d**2 - 6*d + 27. Let j be ((-42)/(-63))/(-1 - 7/(-6)). Suppose -4*g = j*z + 44, z - 3 - 1 = 4*g. Is p(z) a composite number?
False
Let w = 5 + -19. Let v(g) = -34*g + 25. Let k be v(w). Suppose b - 2*r - k = 0, -4*b + 2*r + 2014 = 4*r. Is b prime?
True
Let x = -473 - -499. Suppose -10*d = x*d - 1063836. Is d a composite number?
True
Let s be -3*3/(-9) - -4. Suppose -p + 5 = 0, -6*p + 5*p = s*x - 5. Let r(z) = -2*z**2 - z + 377. Is r(x) prime?
False
Is (-10951252)/(-65) - ((-4)/10)/2 a composite number?
False
Suppose 2*m + 0*v - 4*v - 30 = 0, 5*m = -4*v + 33. Let i be m + -7 + 2 + 2. Let r = 133 - i. Is r a composite number?
False
Let v = 2089 + -1303. Let t = 4 - -2. Suppose -t*m + 4*m + v = 0. Is m composite?
True
Suppose 4*d - 6494 = 1986. Suppose d = t - 4213. Is t prime?
False
Let r(v) = -v**2 - 13*v - 22. Let z be r(-2). Suppose z = 2*h - 2022 + 280. Is h composite?
True
Let o = 12 + -10. Suppose -71*k + 60 = -59*k. Suppose -h - 4*g = -505, o*h + k*g = -h + 1501. Is h a composite number?
True
Suppose 2*z = c + 504615, -c - 255963 = -4*z + 753266. Is z a prime number?
False
Let u(g) = 1106*g**2 + 4*g - 8. Let f be u(2). Suppose -18*i + f = -4198. Is i a composite number?
False
Suppose -897*f + 643*f + 19362674 = 0. Is f prime?
True
Let j(f) = -f + 9. Let l be j(7). Let d(y) = 0*y**2 + 6*y - 2*y - 7*y + 8 + 2*y**3 - 2*y**l. Is d(9) composite?
False
Let c = 64 - 30. Let l = c - 30. Let x = 79 + l. Is x composite?
False
Let r(y) = 26*y**2 + 2*y - 5. Let c be r(-8). Is -15 + 9 + (c - 0) composite?
False
Suppose 31 + 23 = 3*s. Suppose -53*k + 35 = -48*k. Suppose -k*d - 583 = -s*d. Is d prime?
True
Suppose -3*u = -3, 2*u - 10 = -2*g - 0*u. Suppose 0 = -a - g*k + 10, a + a - 6 = -k. Is 15394/3 + a/(-6) a prime number?
False
Let o = 40 + 4. Let j = 82 - o. Suppose -5*a = -583 + j. Is a composite?
False
Let r = 20 + -17. Let w(l) = 4*l**3 - 18*l - 3*l**r + 19*l + 9 - 2*l**2. Is w(11) prime?
True
Let o(k) be the second derivative of -271*k**3/6 + 12*k**2 + k - 3. Is o(-11) prime?
False
Suppose 61 + 2 = 3*b. Suppose -z - 73180 = -b*z. Is z a prime number?
True
Let w = -10422 - -20801. Is w prime?
False
Suppose 0*v = -v - 4*m + 25, -4*v + 4*m = -20. Suppose v*s = -75610 + 190909. Suppose -s = -y - 2*y - 2*d, -3*y + 12812 = d. Is y a composite number?
False
Is (-763297)/5*(119 - 126)*(-10)/(-14) a composite number?
True
Suppose -6*t - 12*t + 54 = 0. Suppose -s - 3*y = -y - 8535, -t*y = -5*s + 42727. Is s a prime number?
True
Let r(v) be the first derivative of 103*v**3/3 - 15*v**2/2 + 9*v + 2. Let f be r(7). Suppose 3*g = 5*l - 4943, -5*l - 3*g = -4*g - f. Is l prime?
True
Let m(r) = 323*r**2 + 15*r + 51. Is m(-5) composite?
True
Let l(c) = 4*c**3 + 22*c**2 - 20*c - 22. Let z be l(17). Is (-33)/55 - z/(-5) composite?
True
Let r(y) = 13*y**2 + 19. Let a be r(10). Let v = 2240 - a. Is v prime?
False
Suppose 0 = -46*s + 243*s - 14930578 - 57765771. Is s a composite number?
True
Let q = -170526 + 646927. Is q composite?
False
Let b be -2 - -4 - 110/(-5)*1. Let c be (-10 + b)*(-1)/(-2*1). Let y(g) = 7*g**3 + 9*g**2 - 13*g - 4. Is y(c) prime?
False
Suppose -2*m = 5*d - 252783 - 1216796, d - 293911 = 2*m. Is -2 + 143/88 - d/(-8) prime?
True
Let k(x) = -2*x + 22*x**2 - 4 - 45*x**2 + 19*x**2 + 7*x**3. Let w(r) = r**2 - r + 1. Let a(d) = -k(d) - 2*w(d). Is a(-2) composite?
True
Suppose 5*x = -4*x + 8775. Let j = 1376 - x. Suppose -s - 1644 = -4*o + 3*s, o - j = -4*s. Is o a composite number?
False
Suppose -o = 5*b - 1251524 + 265474, 3*b - 591617 = 2*o. Is b a prime number?
False
Let n be 1035/20*992/6. Let r = -5062 + n. Is r a prime number?
False
Let a(r) = -2514*r + 113. Let x = -784 - -782. Is a(x) composite?
True
Let a(y) = -3*y + 28. Let j(w) = 2*w - 7. Let t be j(8). Let d be a(t). Is (3 - 218)/(d + -2) prime?
False
Let q = 20 + -4. Suppose q*o + 4*o = 17060. Is o a prime number?
True
Let l = 255 + 10411. Is l a composite number?
True
Let u(h) = -250*h - 736. Let n be u(-22). Suppose 0*q = -2*q - 3610. Let t = n + q. Is t a prime number?
False
Let q = -1854 - -3476. Let v(w) = 69*w**2 + 6*w + 13. Let m be v(4). Let b = q - m. Is b prime?
False
Let z = -66486 + 94869. Is z a prime number?
False
Let o be 1/((-20)/5 - -3). Let q(i) = -74*i**3 - 2*i**2 - 4*i - 1. Let a be q(o). Suppose -2*w + 253 = a. Is w a composite number?
False
Let m(k) = -73*k**2 + 14*k - k + 5 + 77*k**2 - 3. Is m(25) prime?
False
Let c(s) = -2*s**3 + 10*s**2 + 9*s + 7. Let h be c(8). Let z = 168 + h. Let k = z + 404. Is k composite?
True
Let i = 9142 - 4413. Is (24 + -27)*i/(-3) a composite number?
False
Let f(i) = 6788*i + 3311. Is f(52) a prime number?
True
Let m(g) = -g**3 + 5*g**2 + 17*g + 11. Let u be m(6). Is 3/(-21) + 104038/u composite?
True
Suppose -15 = 5*d, 4*d = -4*k + 1 - 5. Suppose k*o - 9 = -1. Suppose -o*s + 360 = 2*g, s - 4*g - 437 = -4*s. Is s a prime number?
True
Suppose 3*r + 2*i - 113461 = 0, 71666 = 2*r + 4*i - 3988. Suppose -5*h + 5*d - 5452 = -r, h + 5*d - 6449 = 0. Is h a prime number?
True
Suppose -52*w = -53*w - 5. Let y(p) = -449*p + 6. Is y(w) composite?
False
Let x(j) = -j**2 - j - 3. Let a be x(0). Let m be -1 + (a/(-6))/((-3)/(-18)). Suppose o - 5*o - m*h + 1746 = 0, -3*o + 1315 = -4*h. Is o a composite number?
True
Let b = 79222 + -10203. Is b a composite number?
False
Suppose -3*b - u + 982129 = 3*u, 0 = 3*b - 5*u - 982066. Is b composite?
True
Let b(r) = -8*r - r**2 - 7*r + 9599 + 27*r. Is b(0) a composite number?
True
Let f(u) = 6*u**2 + u. Let d be f(-1). Suppose 4*p - 20 = -0*z + d*z, 0 = p - 3*z - 5. Suppose p*b - 12 = 8, -5*k + b = -19221. Is k prime?
False
Let d = -2610 + 5547. Suppose -j + s = 2*j - d, -2*s = 4*j - 3916. Is j prime?
False
Suppose -205081 - 62919 = -2*w + 2*t, 0 = -7*t + 35. Is w prime?
False
Let s = -90 - -106. Suppose -28 = -s*h + 20. Suppose 80 = h*o + 2*j - 2781, -4*o = j - 3813. Is o composite?
False
Let w = 215 + -7. Suppose x - w = 46. Is x a composite number?
True
Let m = 2780878 + -1735529. Is m a composite number?
False
Suppose -20*m = -21*m. Suppose -18*r + 22*r - 11824 = m. Suppose 2*s = r - 498. Is s prime?
True
Suppose -4*o - o = 3*g + 22, 5*o + 30 = 5*g. Let c be (5 - 6) + (-5)/(o/64). Is 9/c + 8833/7 a composite number?
True
Let v = 70642 + -49983. Suppose -v = -4*h + 2769. Is h composite?
False
Suppose -249*a + 504*a - 791110 = 245*a. Is a a composite number?
False
Let d be 2277 + -1 + 3 + -4 + -4. Suppose 5*q - 10267 = z, 1839 + d = 2*q - 2*z. Is q prime?
True
Let h(t) = 8*t**2 - 6*t + 3. Let g be h(2). Let q(b) = -b**3 - g*b**3 - b - 4*b**2 + 3 + 4*b**2. Is q(-4) a composite number?
False
Let j = -58862 + 129235. Is j composite?
False
Suppose a = -4*r + 6*a - 159, 2*r = -2*a - 102. Is (-2 - -1)*-2*(-245801)/r a composite number?
False
Let f = -90702 - -143251. Is f prime?
False
Let x(l) = -16*l**2 + l + 1. Let u be x(2). Suppose -41*v + 288 = -38*v - 4*w, 282 = 3*v - 2*w. Let p = u + v. Is p composite?
False
Let t be (0 - (-8)/12)/(4/24). Suppose -3*s + t*a + 14 = -0*s, 0 = s + 5*a - 11. Suppose -5308 - 13490 = -s*o. Is o composite?
True
Let q(v) = 7*v**3 + 10*v**2 + 7*v - 3. Let c(p) = -p + 1. Suppose 0 = -3*s + 13 - 25. Let o be c(s). Is q(o) prime?
False
Let i = -194415 - -372062. Is i a prime number?
True
Let o = 43353 + 1156. Is o composite?
True
Let u(n) = 160*n - 16. Let v be u(23). Let j(g) = -2*g + 2